{"id":8,"date":"2021-04-20T13:36:20","date_gmt":"2021-04-20T13:36:20","guid":{"rendered":"http:\/\/auventsaintremois.com\/?page_id=8"},"modified":"2021-05-20T07:41:38","modified_gmt":"2021-05-20T07:41:38","slug":"accueil","status":"publish","type":"page","link":"https:\/\/auventsaintremois.com\/en\/","title":{"rendered":"Home"},"content":{"rendered":"","protected":false},"excerpt":{"rendered":"","protected":false},"author":1,"featured_media":0,"parent":0,"menu_order":0,"comment_status":"closed","ping_status":"closed","template":"","meta":{"_glsr_average":0,"_glsr_ranking":0,"_glsr_reviews":0,"footnotes":""},"class_list":["post-8","page","type-page","status-publish","czr-hentry"],"yoast_head":"<!-- This site is optimized with the Yoast SEO plugin v26.5 - https:\/\/yoast.com\/wordpress\/plugins\/seo\/ -->\n<title>Location de vacances \u00e0 Saint-R\u00e9my de Provence &#8226; Auvent Saint-Remois<\/title>\n<meta name=\"description\" content=\"Location de vacances \u00e0 Saint-R\u00e9my de Provence &#8226; D\u00e9couvrez le Auvent Saint-R\u00e9mois &#8226; Un havre de paix au coeur de Saint-R\u00e9my de Provence\" \/>\n<meta name=\"robots\" content=\"index, follow, max-snippet:-1, max-image-preview:large, max-video-preview:-1\" \/>\n<link rel=\"canonical\" href=\"https:\/\/auventsaintremois.com\/en\/\" \/>\n<meta property=\"og:locale\" content=\"en_GB\" \/>\n<meta property=\"og:type\" content=\"article\" \/>\n<meta property=\"og:title\" content=\"Location de vacances \u00e0 Saint-R\u00e9my de Provence &#8226; Auvent Saint-Remois\" \/>\n<meta property=\"og:description\" content=\"Location de vacances \u00e0 Saint-R\u00e9my de Provence &#8226; D\u00e9couvrez le Auvent Saint-R\u00e9mois &#8226; Un havre de paix au coeur de Saint-R\u00e9my de Provence\" \/>\n<meta property=\"og:url\" content=\"https:\/\/auventsaintremois.com\/en\/\" \/>\n<meta property=\"og:site_name\" content=\"Location de vacances - Auvent Saint-Remois\" \/>\n<meta property=\"article:modified_time\" content=\"2021-05-20T07:41:38+00:00\" \/>\n<meta name=\"twitter:card\" content=\"summary_large_image\" \/>\n<script type=\"application\/ld+json\" class=\"yoast-schema-graph\">{\"@context\":\"https:\/\/schema.org\",\"@graph\":[{\"@type\":\"WebPage\",\"@id\":\"https:\/\/auventsaintremois.com\/\",\"url\":\"https:\/\/auventsaintremois.com\/\",\"name\":\"Location de vacances \u00e0 Saint-R\u00e9my de Provence &#8226; Auvent Saint-Remois\",\"isPartOf\":{\"@id\":\"https:\/\/auventsaintremois.com\/#website\"},\"datePublished\":\"2021-04-20T13:36:20+00:00\",\"dateModified\":\"2021-05-20T07:41:38+00:00\",\"description\":\"Location de vacances \u00e0 Saint-R\u00e9my de Provence &#8226; D\u00e9couvrez le Auvent Saint-R\u00e9mois &#8226; Un havre de paix au coeur de Saint-R\u00e9my de Provence\",\"breadcrumb\":{\"@id\":\"https:\/\/auventsaintremois.com\/#breadcrumb\"},\"inLanguage\":\"en-GB\",\"potentialAction\":[{\"@type\":\"ReadAction\",\"target\":[\"https:\/\/auventsaintremois.com\/\"]}]},{\"@type\":\"BreadcrumbList\",\"@id\":\"https:\/\/auventsaintremois.com\/#breadcrumb\",\"itemListElement\":[{\"@type\":\"ListItem\",\"position\":1,\"name\":\"Accueil\",\"item\":\"https:\/\/auventsaintremois.com\/\"},{\"@type\":\"ListItem\",\"position\":2,\"name\":\"Accueil\"}]},{\"@type\":\"WebSite\",\"@id\":\"https:\/\/auventsaintremois.com\/#website\",\"url\":\"https:\/\/auventsaintremois.com\/\",\"name\":\"Location de vacances - Auvent Saint-Remois\",\"description\":\"Location saisonni\u00e8re \u00e0 Saint-R\u00e9my de Provence\",\"publisher\":{\"@id\":\"https:\/\/auventsaintremois.com\/#organization\"},\"potentialAction\":[{\"@type\":\"SearchAction\",\"target\":{\"@type\":\"EntryPoint\",\"urlTemplate\":\"https:\/\/auventsaintremois.com\/?s={search_term_string}\"},\"query-input\":{\"@type\":\"PropertyValueSpecification\",\"valueRequired\":true,\"valueName\":\"search_term_string\"}}],\"inLanguage\":\"en-GB\"},{\"@type\":\"Organization\",\"@id\":\"https:\/\/auventsaintremois.com\/#organization\",\"name\":\"Auvent Saint-Remois\",\"url\":\"https:\/\/auventsaintremois.com\/\",\"logo\":{\"@type\":\"ImageObject\",\"inLanguage\":\"en-GB\",\"@id\":\"https:\/\/auventsaintremois.com\/#\/schema\/logo\/image\/\",\"url\":\"http:\/\/www.auventsaintremois.com\/wp-content\/uploads\/2021\/05\/LOGO-AUVENT-SAINT-REMOIS-copie-3.png\",\"contentUrl\":\"http:\/\/www.auventsaintremois.com\/wp-content\/uploads\/2021\/05\/LOGO-AUVENT-SAINT-REMOIS-copie-3.png\",\"width\":586,\"height\":161,\"caption\":\"Auvent Saint-Remois\"},\"image\":{\"@id\":\"https:\/\/auventsaintremois.com\/#\/schema\/logo\/image\/\"}}]}<\/script>\n<!-- \/ Yoast SEO plugin. -->","yoast_head_json":{"title":"Location de vacances \u00e0 Saint-R\u00e9my de Provence &#8226; Auvent Saint-Remois","description":"Location de vacances \u00e0 Saint-R\u00e9my de Provence &#8226; D\u00e9couvrez le Auvent Saint-R\u00e9mois &#8226; Un havre de paix au coeur de Saint-R\u00e9my de Provence","robots":{"index":"index","follow":"follow","max-snippet":"max-snippet:-1","max-image-preview":"max-image-preview:large","max-video-preview":"max-video-preview:-1"},"canonical":"https:\/\/auventsaintremois.com\/en\/","og_locale":"en_GB","og_type":"article","og_title":"Location de vacances \u00e0 Saint-R\u00e9my de Provence &#8226; Auvent Saint-Remois","og_description":"Location de vacances \u00e0 Saint-R\u00e9my de Provence &#8226; D\u00e9couvrez le Auvent Saint-R\u00e9mois &#8226; Un havre de paix au coeur de Saint-R\u00e9my de Provence","og_url":"https:\/\/auventsaintremois.com\/en\/","og_site_name":"Location de vacances - Auvent Saint-Remois","article_modified_time":"2021-05-20T07:41:38+00:00","twitter_card":"summary_large_image","schema":{"@context":"https:\/\/schema.org","@graph":[{"@type":"WebPage","@id":"https:\/\/auventsaintremois.com\/","url":"https:\/\/auventsaintremois.com\/","name":"Location de vacances \u00e0 Saint-R\u00e9my de Provence &#8226; Auvent Saint-Remois","isPartOf":{"@id":"https:\/\/auventsaintremois.com\/#website"},"datePublished":"2021-04-20T13:36:20+00:00","dateModified":"2021-05-20T07:41:38+00:00","description":"Location de vacances \u00e0 Saint-R\u00e9my de Provence &#8226; D\u00e9couvrez le Auvent Saint-R\u00e9mois &#8226; Un havre de paix au coeur de Saint-R\u00e9my de Provence","breadcrumb":{"@id":"https:\/\/auventsaintremois.com\/#breadcrumb"},"inLanguage":"en-GB","potentialAction":[{"@type":"ReadAction","target":["https:\/\/auventsaintremois.com\/"]}]},{"@type":"BreadcrumbList","@id":"https:\/\/auventsaintremois.com\/#breadcrumb","itemListElement":[{"@type":"ListItem","position":1,"name":"Accueil","item":"https:\/\/auventsaintremois.com\/"},{"@type":"ListItem","position":2,"name":"Accueil"}]},{"@type":"WebSite","@id":"https:\/\/auventsaintremois.com\/#website","url":"https:\/\/auventsaintremois.com\/","name":"Holiday rental - Auvent Saint-Remois","description":"Seasonal rental in Saint-R\u00e9my de Provence","publisher":{"@id":"https:\/\/auventsaintremois.com\/#organization"},"potentialAction":[{"@type":"SearchAction","target":{"@type":"EntryPoint","urlTemplate":"https:\/\/auventsaintremois.com\/?s={search_term_string}"},"query-input":{"@type":"PropertyValueSpecification","valueRequired":true,"valueName":"search_term_string"}}],"inLanguage":"en-GB"},{"@type":"Organization","@id":"https:\/\/auventsaintremois.com\/#organization","name":"Saint-Remois awning","url":"https:\/\/auventsaintremois.com\/","logo":{"@type":"ImageObject","inLanguage":"en-GB","@id":"https:\/\/auventsaintremois.com\/#\/schema\/logo\/image\/","url":"http:\/\/www.auventsaintremois.com\/wp-content\/uploads\/2021\/05\/LOGO-AUVENT-SAINT-REMOIS-copie-3.png","contentUrl":"http:\/\/www.auventsaintremois.com\/wp-content\/uploads\/2021\/05\/LOGO-AUVENT-SAINT-REMOIS-copie-3.png","width":586,"height":161,"caption":"Auvent Saint-Remois"},"image":{"@id":"https:\/\/auventsaintremois.com\/#\/schema\/logo\/image\/"}}]}},"_links":{"self":[{"href":"https:\/\/auventsaintremois.com\/en\/wp-json\/wp\/v2\/pages\/8","targetHints":{"allow":["GET"]}}],"collection":[{"href":"https:\/\/auventsaintremois.com\/en\/wp-json\/wp\/v2\/pages"}],"about":[{"href":"https:\/\/auventsaintremois.com\/en\/wp-json\/wp\/v2\/types\/page"}],"author":[{"embeddable":true,"href":"https:\/\/auventsaintremois.com\/en\/wp-json\/wp\/v2\/users\/1"}],"replies":[{"embeddable":true,"href":"https:\/\/auventsaintremois.com\/en\/wp-json\/wp\/v2\/comments?post=8"}],"version-history":[{"count":2,"href":"https:\/\/auventsaintremois.com\/en\/wp-json\/wp\/v2\/pages\/8\/revisions"}],"predecessor-version":[{"id":932,"href":"https:\/\/auventsaintremois.com\/en\/wp-json\/wp\/v2\/pages\/8\/revisions\/932"}],"wp:attachment":[{"href":"https:\/\/auventsaintremois.com\/en\/wp-json\/wp\/v2\/media?parent=8"}],"curies":[{"name":"wp","href":"https:\/\/api.w.org\/{rel}","templated":true}]}}

<!-- This site is optimized with the Yoast SEO plugin v26.5 - https://yoast.com/wordpress/plugins/seo/ -->
<title>Location de vacances à Saint-Rémy de Provence &#8226; Auvent Saint-Remois</title>
<meta name="description" content="Location de vacances à Saint-Rémy de Provence &#8226; Découvrez le Auvent Saint-Rémois &#8226; Un havre de paix au coeur de Saint-Rémy de Provence" />
<meta name="robots" content="index, follow, max-snippet:-1, max-image-preview:large, max-video-preview:-1" />
<link rel="canonical" href="https://auventsaintremois.com/en/" />
<meta property="og:locale" content="en_GB" />
<meta property="og:type" content="article" />
<meta property="og:title" content="Location de vacances à Saint-Rémy de Provence &#8226; Auvent Saint-Remois" />
<meta property="og:description" content="Location de vacances à Saint-Rémy de Provence &#8226; Découvrez le Auvent Saint-Rémois &#8226; Un havre de paix au coeur de Saint-Rémy de Provence" />
<meta property="og:url" content="https://auventsaintremois.com/en/" />
<meta property="og:site_name" content="Location de vacances - Auvent Saint-Remois" />
<meta property="article:modified_time" content="2021-05-20T07:41:38+00:00" />
<meta name="twitter:card" content="summary_large_image" />
<script type="application/ld+json" class="yoast-schema-graph">{"@context":"https://schema.org","@graph":[{"@type":"WebPage","@id":"https://auventsaintremois.com/","url":"https://auventsaintremois.com/","name":"Location de vacances à Saint-Rémy de Provence &#8226; Auvent Saint-Remois","isPartOf":{"@id":"https://auventsaintremois.com/#website"},"datePublished":"2021-04-20T13:36:20+00:00","dateModified":"2021-05-20T07:41:38+00:00","description":"Location de vacances à Saint-Rémy de Provence &#8226; Découvrez le Auvent Saint-Rémois &#8226; Un havre de paix au coeur de Saint-Rémy de Provence","breadcrumb":{"@id":"https://auventsaintremois.com/#breadcrumb"},"inLanguage":"en-GB","potentialAction":[{"@type":"ReadAction","target":["https://auventsaintremois.com/"]}]},{"@type":"BreadcrumbList","@id":"https://auventsaintremois.com/#breadcrumb","itemListElement":[{"@type":"ListItem","position":1,"name":"Accueil","item":"https://auventsaintremois.com/"},{"@type":"ListItem","position":2,"name":"Accueil"}]},{"@type":"WebSite","@id":"https://auventsaintremois.com/#website","url":"https://auventsaintremois.com/","name":"Location de vacances - Auvent Saint-Remois","description":"Location saisonnière à Saint-Rémy de Provence","publisher":{"@id":"https://auventsaintremois.com/#organization"},"potentialAction":[{"@type":"SearchAction","target":{"@type":"EntryPoint","urlTemplate":"https://auventsaintremois.com/?s={search_term_string}"},"query-input":{"@type":"PropertyValueSpecification","valueRequired":true,"valueName":"search_term_string"}}],"inLanguage":"en-GB"},{"@type":"Organization","@id":"https://auventsaintremois.com/#organization","name":"Auvent Saint-Remois","url":"https://auventsaintremois.com/","logo":{"@type":"ImageObject","inLanguage":"en-GB","@id":"https://auventsaintremois.com/#/schema/logo/image/","url":"http://www.auventsaintremois.com/wp-content/uploads/2021/05/LOGO-AUVENT-SAINT-REMOIS-copie-3.png","contentUrl":"http://www.auventsaintremois.com/wp-content/uploads/2021/05/LOGO-AUVENT-SAINT-REMOIS-copie-3.png","width":586,"height":161,"caption":"Auvent Saint-Remois"},"image":{"@id":"https://auventsaintremois.com/#/schema/logo/image/"}}]}</script>
<!-- / Yoast SEO plugin. -->

Location de vacances à Saint-Rémy de Provence &#8226; Auvent Saint-Remois

Location de vacances à Saint-Rémy de Provence &#8226; Découvrez le Auvent Saint-Rémois &#8226; Un havre de paix au coeur de Saint-Rémy de Provence

Seasonal rental in Saint-Rémy de Provence
